mmon divisor of 27816 and 7381.
61
Calculate the greatest common divisor of 486064 and 272.
272
Calculate the highest common factor of 1704 and 72.
24
What is the highest common factor of 449073 and 82?
41
Calculate the highest common factor of 489190 and 260.
130
Calculate the highest common divisor of 349548 and 156.
12
What is the highest common divisor of 566 and 480817?
283
Calculate the greatest common divisor of 34322 and 20.
2
What is the highest common factor of 1344 and 137606?
14
Calculate the greatest common factor of 78 and 351507.
39
Calculate the greatest common divisor of 195 and 71385.
15
What is the greatest common divisor of 3339 and 3765279?
1113
Calculate the highest common factor of 892931 and 39.
13
Calculate the greatest common factor of 133926 and 3030.
606
Calculate the highest common divisor of 2529170 and 70.
70
What is the greatest common divisor of 23440 and 10841?
293
Calculate the greatest common factor of 128 and 57472.
128
What is the highest common divisor of 3381307 and 428?
107
What is the greatest common factor of 15 and 19170375?
15
Calculate the highest common divisor of 4342 and 897.
13
What is the greatest common divisor of 3476 and 3950?
158
What is the highest common divisor of 1984 and 1280?
64
Calculate the highest common factor of 2748 and 867452.
916
Calculate the highest common factor of 225 and 11565.
45
Calculate the highest common divisor of 3006 and 14292.
18
Calculate the greatest common factor of 1085364 and 236.
236
Calculate the greatest common divisor of 147 and 2133950.
49
What is the greatest common divisor of 2525520 and 15?
15
Calculate the greatest common divisor of 117 and 21363381.
117
Calculate the highest common divisor of 1512 and 2132424.
504
Calculate the highest common divisor of 969 and 652422.
57
What is the highest common factor of 1398 and 78?
6
Calculate the highest common divisor of 8 and 910.
2
Calculate the highest common factor of 6 and 620056.
2
What is the highest common factor of 206308 and 16?
4
What is the greatest common divisor of 6 and 901335?
3
What is the greatest common factor of 40885 and 136?
17
Calculate the highest common factor of 12 and 1688572.
4
Calculate the greatest common factor of 382698 and 288.
18
What is the greatest common factor of 12768 and 132?
12
What is the greatest common factor of 14724 and 2028?
12
What is the highest common factor of 1518 and 105754?
506
What is the highest common divisor of 3 and 29878?
1
What is the greatest common factor of 203 and 16919?
7
What is the highest common divisor of 695310 and 66?
66
Calculate the greatest common factor of 4 and 111404.
4
What is the greatest common divisor of 41952 and 399?
57
What is the greatest common factor of 93888 and 15552?
576
Calculate the highest common divisor of 26848 and 81383.
839
Calculate the highest common divisor of 5918 and 231.
11
Calculate the highest common divisor of 48048 and 1540.
308
What is the highest common factor of 107062 and 995?
199
What is the highest common factor of 2120625 and 522?
261
What is the highest common divisor of 492 and 1314952?
164
Calculate the highest common divisor of 111885 and 5.
5
Calculate the greatest common factor of 2 and 313270.
2
What is the greatest common divisor of 2263956 and 60?
12
What is the highest common divisor of 32 and 110752?
32
Calculate the highest common factor of 6549 and 7139.
59
Calculate the highest common divisor of 1934 and 25.
1
What is the greatest common factor of 180 and 147804?
12
Calculate the highest common factor of 182438 and 38.
38
What is the highest common divisor of 29150 and 318?
106
What is the greatest common factor of 88043 and 17?
17
Calculate the highest common factor of 412 and 635716.
412
Calculate the greatest common divisor of 8 and 43256.
8
Calculate the greatest common factor of 134 and 9126070.
134
What is the greatest common factor of 261 and 18908?
29
What is the greatest common divisor of 147264 and 1716?
156
What is the highest common divisor of 70 and 49330?
10
Calculate the highest common factor of 5418 and 9.
9
What is the highest common factor of 3130116 and 165?
33
What is the greatest common factor of 2471 and 797427?
353
What is the highest common divisor of 752 and 277744?
16
What is the highest common divisor of 294 and 660226?
98
Calculate the highest common divisor of 380286 and 13320.
666
Calculate the highest common divisor of 1505 and 679959.
301
What is the highest common factor of 17 and 174131?
17
Calculate the greatest common divisor of 24 and 14679.
3
What is the highest common divisor of 1119555 and 621?
27
What is the highest common divisor of 18382 and 39676?
182
What is the greatest common factor of 126 and 234?
18
Calculate the highest common divisor of 33 and 26906.
11
Calculate the greatest common factor of 56 and 2884.
28
Calculate the highest common factor of 300 and 498660.
60
What is the highest common factor of 7170334 and 38?
38
Calculate the highest common factor of 1657 and 7579118.
1657
Calculate the highest common divisor of 6929 and 3649.
41
What is the greatest common factor of 1680138 and 1116?
558
Calculate the highest common factor of 4118 and 15478.
142
What is the greatest common divisor of 68610 and 90?
30
What is the greatest common divisor of 273 and 16809?
39
What is the highest common factor of 543 and 1514427?
543
What is the highest common divisor of 5037 and 184?
23
What is the greatest common divisor of 8288 and 1792?
224
Calculate the highest common factor of 759059 and 343.
343
Calculate the highest common divisor of 36630 and 25740.
990
What is the highest common divisor of 218063 and 874?
437
What is the highest common factor of 32 and 13408?
32
What is the greatest common divisor of 72400 and 800?
400
Calculate the highest common divisor of 149425 and 834.
139
Calculate the greatest common factor of 2298 and 878602.
766
What is the greatest common factor of 246030 and 105?
15
Calculate the highest common factor of 3499119 and 3159.
1053
What is the greatest common divisor of 96 and 240924?
12
What is the greatest common factor of 3175295 and 291?
97
Calculate the greatest common factor of 280840 and 392.
56
Calculate the highest common factor of 864 and 56436.
12
What is the greatest common factor of 50256 and 384?
48
What is the greatest common factor of 32780 and 880?
220
What is the greatest common factor of 8640 and 1460?
20
Calculate the greatest common divisor of 2969368 and 232.
232
Calculate the highest common factor of 198 and 204919.
11
What is the highest common factor of 152 and 9728?
152
Calculate the greatest common divisor of 266069 and 109.
109
What is the greatest common factor of 2160 and 592?
16
Calculate the highest common factor of 76599 and 387.
9
Calculate the greatest common divisor of 2016 and 368.
16
What is the greatest common divisor of 126 and 16569?
63
What is the greatest common divisor of 885304 and 224?
56
Calculate the highest common factor of 21 and 28245.
21
What is the highest common divisor of 151591 and 275?
11
Calculate the greatest common divisor of 1034 and 7802.
94
What is the greatest common factor of 4362 and 174?
6
What is the highest common divisor of 49505 and 10?
5
What is the greatest common factor of 1765457 and 23?
23
Calculate the greatest common factor of 160395 and 75.
15
Calculate the greatest common factor of 6232 and 24.
8
What is the highest common divisor of 28392 and 84?
84
What is the greatest common factor of 3351160 and 16?
8
What is the greatest common divisor of 263742 and 904?
226
Calculate the greatest common divisor of 662 and 7670594.
662
Calculate the greatest common factor of 91507 and 39.
13
What is the highest common divisor of 64481 and 136?
17
What is the highest common factor of 1611318 and 186?
186
What is the highest common factor of 1723263 and 762?
381
What is the highest common divisor of 441842 and 346?
346
What is the greatest common factor of 300 and 18?
6
Calculate the greatest common factor of 2358 and 39.
3
Calculate the greatest common factor of 1053 and 591057.
81
What is the greatest common factor of 1178 and 79344?
38
Calculate the greatest common divisor of 704968 and 88.
88
Calculate the highest common divisor of 117